21335?
3
What is the tens digit of 3960076?
7
What is the hundreds digit of 1242186?
1
What is the tens digit of 962190?
9
What is the hundreds digit of 558060?
0
What is the units digit of 1702733?
3
What is the tens digit of 12629883?
8
What is the ten thousands digit of 3455298?
5
What is the thousands digit of 9049747?
9
What is the millions digit of 4468248?
4
What is the hundred thousands digit of 1091677?
0
What is the millions digit of 1732148?
1
What is the units digit of 4957115?
5
What is the tens digit of 2790117?
1
What is the ten millions digit of 15182267?
1
What is the hundred thousands digit of 454780?
4
What is the hundreds digit of 552052?
0
What is the tens digit of 448083?
8
What is the hundred thousands digit of 441408?
4
What is the units digit of 275695?
5
What is the ten thousands digit of 652179?
5
What is the units digit of 32352239?
9
What is the hundreds digit of 120652?
6
What is the ten thousands digit of 8925864?
2
What is the tens digit of 1933787?
8
What is the tens digit of 1403430?
3
What is the millions digit of 33587810?
3
What is the hundreds digit of 234411?
4
What is the hundreds digit of 221769?
7
What is the thousands digit of 134774?
4
What is the units digit of 47584?
4
What is the hundreds digit of 2945354?
3
What is the thousands digit of 105180?
5
What is the units digit of 1126690?
0
What is the hundred thousands digit of 349590?
3
What is the tens digit of 33664?
6
What is the units digit of 15397711?
1
What is the units digit of 61711?
1
What is the hundreds digit of 489683?
6
What is the thousands digit of 1499899?
9
What is the hundred thousands digit of 2917532?
9
What is the units digit of 1166674?
4
What is the hundreds digit of 950752?
7
What is the hundreds digit of 1624775?
7
What is the thousands digit of 221565?
1
What is the tens digit of 563073?
7
What is the tens digit of 12537411?
1
What is the units digit of 16947363?
3
What is the tens digit of 860870?
7
What is the hundreds digit of 2861783?
7
What is the hundreds digit of 12689?
6
What is the hundreds digit of 2423039?
0
What is the ten thousands digit of 303163?
0
What is the hundred thousands digit of 121915?
1
What is the units digit of 545013?
3
What is the tens digit of 85327?
2
What is the units digit of 15537388?
8
What is the tens digit of 197626?
2
What is the hundred thousands digit of 366544?
3
What is the units digit of 4885539?
9
What is the tens digit of 4445822?
2
What is the tens digit of 8176532?
3
What is the tens digit of 433779?
7
What is the hundreds digit of 2182952?
9
What is the hundred thousands digit of 527013?
5
What is the hundreds digit of 2084793?
7
What is the tens digit of 651824?
2
What is the units digit of 10007516?
6
What is the units digit of 434496?
6
What is the thousands digit of 3507004?
7
What is the tens digit of 5687516?
1
What is the hundreds digit of 583210?
2
What is the units digit of 106500?
0
What is the tens digit of 3590768?
6
What is the hundreds digit of 738966?
9
What is the ten thousands digit of 3771515?
7
What is the ten thousands digit of 260799?
6
What is the units digit of 423116?
6
What is the units digit of 679668?
8
What is the hundred thousands digit of 4206258?
2
What is the hundreds digit of 1910219?
2
What is the ten thousands digit of 433048?
3
What is the thousands digit of 416990?
6
What is the hundreds digit of 387341?
3
What is the ten thousands digit of 107236?
0
What is the thousands digit of 1291844?
1
What is the tens digit of 5085343?
4
What is the thousands digit of 25559920?
9
What is the ten thousands digit of 877035?
7
What is the hundred thousands digit of 6201858?
2
What is the hundreds digit of 2725113?
1
What is the hundreds digit of 307368?
3
What is the hundreds digit of 654023?
0
What is the thousands digit of 1765434?
5
What is the ten millions digit of 12643013?
1
What is the hundreds digit of 18661759?
7
What is the ten thousands digit of 21582153?
8
What is the thousands digit of 8109499?
9
What is the thousands digit of 226576?
6
What is the ten thousands digit of 3990671?
9
What is the hundred thousands digit of 295742?
2
What is the tens digit of 1946026?
2
What is the thousands digit of 799873?
9
What is the ten thousands digit of 22209840?
0
What is the hundred thousands digit of 554898?
5
What is the ten thousands digit of 10528303?
2
What is the hundreds digit of 142952?
9
What is the tens digit of 10958714?
1
What is the hundreds digit of 4752235?
2
What is the ten thousands digit of 435703?
3
What is the ten millions digit of 18931585?
1
What is the hundreds digit of 924742?
7
What is the hundreds digit of 584194?
1
What is the units digit of 242377?
7
What is the hundreds digit of 220756?
7
What is the millions digit of 7411969?
7
What is the thousands digit of 2155021?
5
What is the thousands digit of 51249?
1
What is the hundred thousands digit of 2450441?
4
What is the millions digit of 1322867?
1
What is the ten thousands digit of 3414803?
1
What is the tens digit of 42555607?
0
What is the units digit of 135083?
3
What is the ten thousands digit of 2063719?
6
What is the hundreds digit of 151314?
3
What is the tens digit of 470991?
9
What is the tens digit of 5798526?
2
What is the ten thousands digit of 139568?
3
What is the units digit of 375785?
5
What is the units digit of 5176556?
6
What is the units digit of 34784?
4
What is the thousands digit of 366501?
6
What is the tens digit of 1634285?
8
What is the ten thousands digit of 185149?
8
What is the units digit of 8188829?
9
What is the hundreds digit of 3627609?
6
What is the hundreds digit of 5253291?
2
What is the tens digit of 21475?
7
What is the ten millions digit of 18267065?
1
What is the tens digit of 62605?
0
What is the tens digit of 84337?
3
What is the thousands digit of 615809?
5
What is the hundreds digit of 215817?
8
What is the ten thousands digit of 9695132?
9
What is the units digit of 1394212?
2
What is the millions digit of 1726781?
1
What is the thousands digit of 13123260?
3
What is the hundreds digit of 178049?
0
What is the hundreds digit of 16882658?
6
What is the thousands digit of 169372?
9
What is the hundreds digit of 2881095?
0
What is the units digit of 2259082?
2
What is the tens digit of 329769?
6
What is the thousands digit of 26071057?
1
What is the units digit of 349018?
8
What is the hundreds digit of 366497?
4
What is the thousands digit of 83428?
3
What is the hundreds digit of 309880?
8
What is the hundred thousands digit of 188304?
1
What is the thousands digit of 2823841?
3
What is the millions digit of 1000231?
1
What is the hundreds digit of 208209?
2
What is the ten thousands digit of 2162726?
6
What is the units digit of 235255?
5
What is the ten thousands digit of 27547?
2
What is the thousands digit of 2760005?
0
What is the hundreds digit of 156755?
7
What is the hundred thousands digit of 1422386?
4
What is the hundred thousands digit of 8054888?
0
What is the ten thousands digit of 22513034?
1
What is the thousands digit of 202389?
2
What is the tens digit of 40474?
7
What is the ten thousands digit of 18472?
1
What is the thousands digit of 877989?
7
What is the hundred thousands digit of 9545173?
5
What is the units digit of 387999?
9
What is the thousands digit of 74703?
4
What is the thousands digit of 879234?
9
What is the units digit of 484326?
6
What is the tens digit of 855700?
0
What is the ten thousands digit of 6401216?
0
What is the units digit of 81600?
0
What is the ten thousands digit of 6546084?
4
What is the tens digit of 1835970?
7
What is the hundreds digit of 28493509?
5
What is the units digit of 429297?
7
What is the millions digit of 5961257?
5
What is the hundreds digit of 535247?
2
What is the units digit of 27106?
6
What is the ten thousands digit of 196868?
9
What is the units digit of 5547633?
3
What is the hundreds digit of 432536?
5
What is the tens digit of 798711?
1
What is the ten millions digit of 18803695?
1
What is the hundreds digit of 3690001?
0
What is the hundred thousands digit of 776266?
7
What is the hundred thousands digit of 862738?
8
What is the hundreds digit of 521253?
2
What is the hundred thousands digit of 15410579?
4
What is the thousands digit of 247085?
7